e ten thousands digit of 3309137895?
3
What is the millions digit of 1327823208?
7
What is the millions digit of 25207788?
5
What is the ten millions digit of 148945884?
4
What is the units digit of 40988348?
8
What is the hundreds digit of 168083574?
5
What is the tens digit of 245251317?
1
What is the units digit of 82083214?
4
What is the tens digit of 49166449?
4
What is the ten millions digit of 66033705?
6
What is the billions digit of 6470675696?
6
What is the millions digit of 65237302?
5
What is the thousands digit of 46212010?
2
What is the tens digit of 258044475?
7
What is the ten thousands digit of 142379961?
7
What is the hundreds digit of 617449579?
5
What is the ten thousands digit of 1331030475?
3
What is the units digit of 127116837?
7
What is the tens digit of 284584278?
7
What is the tens digit of 1192382431?
3
What is the ten millions digit of 908220580?
0
What is the tens digit of 61486837?
3
What is the ten thousands digit of 85944235?
4
What is the hundred millions digit of 192677324?
1
What is the ten millions digit of 2117731776?
1
What is the ten millions digit of 350231870?
5
What is the millions digit of 378736313?
8
What is the tens digit of 2856536468?
6
What is the ten millions digit of 181747694?
8
What is the millions digit of 56543002?
6
What is the ten millions digit of 58320349?
5
What is the ten thousands digit of 89092205?
9
What is the hundred thousands digit of 95808924?
8
What is the units digit of 7736113285?
5
What is the hundreds digit of 3429934584?
5
What is the ten millions digit of 40598815?
4
What is the ten millions digit of 2858062112?
5
What is the tens digit of 29227466?
6
What is the hundred thousands digit of 2139405128?
4
What is the thousands digit of 139080098?
0
What is the millions digit of 61030910?
1
What is the hundred thousands digit of 87567555?
5
What is the units digit of 43755770?
0
What is the ten millions digit of 259360060?
5
What is the hundred thousands digit of 43568345?
5
What is the thousands digit of 627031282?
1
What is the hundreds digit of 61902034?
0
What is the units digit of 3796188395?
5
What is the ten thousands digit of 161064519?
6
What is the hundred thousands digit of 288485905?
4
What is the millions digit of 20152283?
0
What is the hundreds digit of 121638483?
4
What is the hundred thousands digit of 4531609?
5
What is the millions digit of 1639758092?
9
What is the millions digit of 56792713?
6
What is the tens digit of 2581534346?
4
What is the hundred thousands digit of 70425634?
4
What is the tens digit of 1114622276?
7
What is the units digit of 333347060?
0
What is the billions digit of 1055901758?
1
What is the thousands digit of 13259879?
9
What is the ten thousands digit of 669265462?
6
What is the ten millions digit of 541329478?
4
What is the hundreds digit of 582327149?
1
What is the hundred thousands digit of 277852342?
8
What is the ten millions digit of 1112610468?
1
What is the units digit of 651685451?
1
What is the thousands digit of 957715043?
5
What is the tens digit of 45816944?
4
What is the ten millions digit of 955804526?
5
What is the ten millions digit of 52401967?
5
What is the units digit of 32510150?
0
What is the hundred thousands digit of 3308196499?
1
What is the ten millions digit of 5561083090?
6
What is the tens digit of 39661004?
0
What is the ten millions digit of 1159968372?
5
What is the thousands digit of 267246617?
6
What is the thousands digit of 23092640?
2
What is the tens digit of 191074782?
8
What is the tens digit of 1714258961?
6
What is the hundreds digit of 38427027?
0
What is the units digit of 2390433?
3
What is the hundred thousands digit of 260926138?
9
What is the thousands digit of 196036108?
6
What is the hundred thousands digit of 463519966?
5
What is the ten thousands digit of 42143437?
4
What is the ten thousands digit of 4725684189?
8
What is the millions digit of 131413298?
1
What is the hundred thousands digit of 3438419153?
4
What is the tens digit of 881543162?
6
What is the tens digit of 2558818220?
2
What is the tens digit of 418322321?
2
What is the ten millions digit of 450263719?
5
What is the hundred millions digit of 366472426?
3
What is the hundreds digit of 41470693?
6
What is the units digit of 67423083?
3
What is the hundred thousands digit of 50840992?
8
What is the millions digit of 80728551?
0
What is the tens digit of 36038793?
9
What is the tens digit of 3544774384?
8
What is the ten millions digit of 2838161088?
3
What is the hundred thousands digit of 36211883?
2
What is the units digit of 201825252?
2
What is the units digit of 8071738?
8
What is the hundreds digit of 120485616?
6
What is the hundred millions digit of 809809657?
8
What is the hundred thousands digit of 43281948?
2
What is the ten thousands digit of 1021765758?
6
What is the hundred thousands digit of 2874262885?
2
What is the ten millions digit of 61051118?
6
What is the hundreds digit of 2415598136?
1
What is the units digit of 44838549?
9
What is the ten thousands digit of 238709814?
0
What is the hundreds digit of 3830678965?
9
What is the hundreds digit of 62578327?
3
What is the hundred thousands digit of 44712724?
7
What is the thousands digit of 8057265169?
5
What is the ten millions digit of 273673583?
7
What is the ten millions digit of 646971117?
4
What is the millions digit of 72486313?
2
What is the units digit of 328414853?
3
What is the ten thousands digit of 1552254214?
5
What is the units digit of 1236479736?
6
What is the ten millions digit of 76163500?
7
What is the units digit of 99011624?
4
What is the units digit of 76818039?
9
What is the billions digit of 4589326083?
4
What is the ten thousands digit of 253611102?
1
What is the hundred thousands digit of 237930758?
9
What is the hundred millions digit of 963900785?
9
What is the millions digit of 3842737793?
2
What is the millions digit of 311970171?
1
What is the hundred thousands digit of 693405718?
4
What is the hundreds digit of 1373264176?
1
What is the units digit of 4814150?
0
What is the units digit of 10223358?
8
What is the hundreds digit of 57099599?
5
What is the millions digit of 1419451265?
9
What is the ten millions digit of 2653124611?
5
What is the thousands digit of 92839719?
9
What is the ten thousands digit of 61898959?
9
What is the hundred millions digit of 371556371?
3
What is the hundreds digit of 56079975?
9
What is the ten thousands digit of 436445759?
4
What is the units digit of 11229245?
5
What is the hundred thousands digit of 169341662?
3
What is the ten millions digit of 2625158440?
2
What is the ten millions digit of 111742851?
1
What is the ten thousands digit of 6136738610?
3
What is the ten millions digit of 5657912457?
5
What is the thousands digit of 3358003569?
3
What is the ten thousands digit of 193782788?
8
What is the tens digit of 63441314?
1
What is the millions digit of 56977900?
6
What is the billions digit of 6275263302?
6
What is the tens digit of 31930662?
6
What is the hundred millions digit of 2465427436?
4
What is the hundred thousands digit of 1137265989?
2
What is the tens digit of 6079262?
6
What is the hundred millions digit of 3679727698?
6
What is the billions digit of 4064807494?
4
What is the units digit of 861153584?
4
What is the billions digit of 1615870330?
1
What is the thousands digit of 39679170?
9
What is the tens digit of 273460610?
1
What is the millions digit of 28398509?
8
What is the hundreds digit of 42581490?
4
What is the hundred thousands digit of 831551223?
5
What is the tens digit of 4515603315?
1
What is the units digit of 8645641?
1
What is the tens digit of 269646535?
3
What is the thousands digit of 17288246?
8
What is the tens digit of 6797505?
0
What is the hundreds digit of 73730116?
1
What is the hundred millions digit of 177164599?
1
What is the hundreds digit of 2252638233?
2
What is the hundreds digit of 2261470603?
6
What is the thousands digit of 413636197?
6
What is the ten millions digit of 73034761?
7
What is the tens digit of 753027007?
0
What is the millions digit of 46587390?
6
What is the tens digit of 256612385?
8
What is the ten millions digit of 26286174?
2
What is the hundred millions digit of 1510572390?
5
What is the ten t